{"id":3276,"date":"2023-05-17T17:17:47","date_gmt":"2023-05-17T15:17:47","guid":{"rendered":"https:\/\/www.blackcarol.com\/?post_type=product&#038;p=3276"},"modified":"2023-07-04T12:03:29","modified_gmt":"2023-07-04T10:03:29","slug":"category-womens-tshirts-supima","status":"publish","type":"product","link":"https:\/\/www.blackcarol.com\/index.php\/product\/category-womens-tshirts-supima\/","title":{"rendered":"TSD209"},"content":{"rendered":"<p>T-shirt z supimy 100%<\/p>\n<p>Supima zdecydowanie wyr\u00f3\u017cnia si\u0119 na ich tle, nie tylko przez wzgl\u0105d na jej wyj\u0105tkowe w\u0142a\u015bciwo\u015bci i trwa\u0142o\u015b\u0107, ale tak\u017ce na ekologiczny proces uprawy. Stanowi ona jedynie 1% ca\u0142ej bawe\u0142ny uprawianej na \u015bwiecie i jest uprawiana w USA.<\/p>\n<p>Pra\u0107 chemicznie &#8211; ze wzgl\u0119du na metk\u0119 sk\u00f3rzan\u0105 i kryszta\u0142ki.<\/p>\n","protected":false},"excerpt":{"rendered":"<p>Supima jest dwa razy mocniejsza ni\u017c zwyk\u0142a bawe\u0142na, co sprawia, \u017ce \u200b\u200bprodukty s\u0105 niezwykle spr\u0119\u017cyste.\u00a0D\u0142u\u017csze w\u0142\u00f3kno jest odporne na ci\u0105gni\u0119cie, \u0142amanie i rozdzieranie, dzi\u0119ki czemu produkty modowe i domowe s\u0105 niezwykle spr\u0119\u017cyste i zachowuj\u0105 sw\u00f3j kszta\u0142t, co zapewnia d\u0142u\u017csz\u0105 \u017cywotno\u015b\u0107.<\/p>\n<p>Supima to rzadkie, najwy\u017cszej jako\u015bci w\u0142\u00f3kno naturalne.<\/p>\n","protected":false},"featured_media":3277,"comment_status":"open","ping_status":"closed","template":"","meta":[],"product_brand":[],"product_cat":[140,189,177],"product_tag":[179,178,180],"class_list":{"0":"post-3276","1":"product","2":"type-product","3":"status-publish","4":"has-post-thumbnail","6":"product_cat-blackcarol","7":"product_cat-supima-womens-t-shirts","8":"product_cat-womens-t-shirts","9":"product_tag-bawelna-supima","10":"product_tag-supima-cotton","11":"product_tag-t-shirt-z-supimy","13":"first","14":"instock","15":"taxable","16":"shipping-taxable","17":"purchasable","18":"product-type-simple"},"_links":{"self":[{"href":"https:\/\/www.blackcarol.com\/index.php\/wp-json\/wp\/v2\/product\/3276","targetHints":{"allow":["GET"]}}],"collection":[{"href":"https:\/\/www.blackcarol.com\/index.php\/wp-json\/wp\/v2\/product"}],"about":[{"href":"https:\/\/www.blackcarol.com\/index.php\/wp-json\/wp\/v2\/types\/product"}],"replies":[{"embeddable":true,"href":"https:\/\/www.blackcarol.com\/index.php\/wp-json\/wp\/v2\/comments?post=3276"}],"wp:featuredmedia":[{"embeddable":true,"href":"https:\/\/www.blackcarol.com\/index.php\/wp-json\/wp\/v2\/media\/3277"}],"wp:attachment":[{"href":"https:\/\/www.blackcarol.com\/index.php\/wp-json\/wp\/v2\/media?parent=3276"}],"wp:term":[{"taxonomy":"product_brand","embeddable":true,"href":"https:\/\/www.blackcarol.com\/index.php\/wp-json\/wp\/v2\/product_brand?post=3276"},{"taxonomy":"product_cat","embeddable":true,"href":"https:\/\/www.blackcarol.com\/index.php\/wp-json\/wp\/v2\/product_cat?post=3276"},{"taxonomy":"product_tag","embeddable":true,"href":"https:\/\/www.blackcarol.com\/index.php\/wp-json\/wp\/v2\/product_tag?post=3276"}],"curies":[{"name":"wp","href":"https:\/\/api.w.org\/{rel}","templated":true}]}}