{"id":4165,"date":"2025-11-09T23:24:33","date_gmt":"2025-11-09T22:24:33","guid":{"rendered":"https:\/\/www.blackcarol.com\/?post_type=product&#038;p=4165"},"modified":"2025-11-09T23:28:14","modified_gmt":"2025-11-09T22:28:14","slug":"up22","status":"publish","type":"product","link":"https:\/\/www.blackcarol.com\/index.php\/product\/up22\/","title":{"rendered":"UP22"},"content":{"rendered":"<p>Ubranko wykonane, z materia\u0142u przeciwdeszczowego.<\/p>\n<p>Odzie\u017c na zdj\u0119ciu, szyta na miar\u0119.<\/p>\n<p>Cena zawiera\u00a0 form\u0119.<\/p>\n<p>Na zam\u00f3wienie- ka\u017cdy rozmiar- dla psa i kota.<\/p>\n<p>Wymagane s\u0105 trzy wymiary:<\/p>\n<p>S=obw\u00f3d szyi (cm)<\/p>\n<p>O=obw\u00f3d klatki piersiowej (cm)<\/p>\n<p>D=d\u0142ugo\u015b\u0107 od karku do pocz\u0105tku ogona.<\/p>\n<p>2-3 dni- wysy\u0142ka.<\/p>\n<p>&nbsp;<\/p>\n<p>&nbsp;<\/p>\n","protected":false},"excerpt":{"rendered":"<p>Ubranko wykonane, z materia\u0142u przeciwdeszczowego. Odzie\u017c na zdj\u0119ciu, szyta na miar\u0119. Cena zawiera\u00a0 form\u0119. Na zam\u00f3wienie- ka\u017cdy rozmiar- dla psa i kota. Wymagane s\u0105 trzy wymiary: S=obw\u00f3d szyi (cm) O=obw\u00f3d klatki piersiowej (cm) D=d\u0142ugo\u015b\u0107 od karku do pocz\u0105tku ogona. 2-3 dni- wysy\u0142ka. &nbsp; &nbsp;<\/p>\n","protected":false},"featured_media":4166,"comment_status":"open","ping_status":"closed","template":"","meta":[],"product_brand":[],"product_cat":[140,296],"product_tag":[311,310,308,300,298,302,297,306,309,307,299,301,304,305,303],"class_list":{"0":"post-4165","1":"product","2":"type-product","3":"status-publish","4":"has-post-thumbnail","6":"product_cat-blackcarol","7":"product_cat-clothes-and-accessories-for-dogs-and-cats","8":"product_tag-plaszcyk-przeciwdeszczowy-dla-psa","9":"product_tag-przeciwdeszcowa-kurtkadla-psa","10":"product_tag-switeczne-ubranka-dla-kota","11":"product_tag-ubranka-dla-chiiahuua","12":"product_tag-ubranka-dla-kota","13":"product_tag-ubranka-dla-malych-pieskow","14":"product_tag-ubranka-dla-psa","15":"product_tag-ubranka-dla-psa-na-zamowienie","16":"product_tag-ubranka-dla-psa-przeciwdesczowe","17":"product_tag-ubranka-dla-psa-warszawa","18":"product_tag-ubranka-dla-pudla-miniaturoego","19":"product_tag-ubranka-dla-szpicaminiaturowego","20":"product_tag-ubranka-lda-psa-swiateczne","21":"product_tag-ubranka-na-zime-dla-kota","22":"product_tag-uranka-dla-psa-na-zime","24":"first","25":"instock","26":"sale","27":"taxable","28":"shipping-taxable","29":"purchasable","30":"product-type-simple"},"_links":{"self":[{"href":"https:\/\/www.blackcarol.com\/index.php\/wp-json\/wp\/v2\/product\/4165","targetHints":{"allow":["GET"]}}],"collection":[{"href":"https:\/\/www.blackcarol.com\/index.php\/wp-json\/wp\/v2\/product"}],"about":[{"href":"https:\/\/www.blackcarol.com\/index.php\/wp-json\/wp\/v2\/types\/product"}],"replies":[{"embeddable":true,"href":"https:\/\/www.blackcarol.com\/index.php\/wp-json\/wp\/v2\/comments?post=4165"}],"wp:featuredmedia":[{"embeddable":true,"href":"https:\/\/www.blackcarol.com\/index.php\/wp-json\/wp\/v2\/media\/4166"}],"wp:attachment":[{"href":"https:\/\/www.blackcarol.com\/index.php\/wp-json\/wp\/v2\/media?parent=4165"}],"wp:term":[{"taxonomy":"product_brand","embeddable":true,"href":"https:\/\/www.blackcarol.com\/index.php\/wp-json\/wp\/v2\/product_brand?post=4165"},{"taxonomy":"product_cat","embeddable":true,"href":"https:\/\/www.blackcarol.com\/index.php\/wp-json\/wp\/v2\/product_cat?post=4165"},{"taxonomy":"product_tag","embeddable":true,"href":"https:\/\/www.blackcarol.com\/index.php\/wp-json\/wp\/v2\/product_tag?post=4165"}],"curies":[{"name":"wp","href":"https:\/\/api.w.org\/{rel}","templated":true}]}}